 is the hundred thousands digit of 78023885?
0
What is the thousands digit of 7349941?
9
What is the tens digit of 263961408?
0
What is the ten thousands digit of 14928696?
2
What is the thousands digit of 16446483?
6
What is the hundred millions digit of 224961204?
2
What is the units digit of 45414837?
7
What is the thousands digit of 648572219?
2
What is the thousands digit of 1044555333?
5
What is the tens digit of 1664862522?
2
What is the hundred thousands digit of 82761595?
7
What is the hundred millions digit of 546685018?
5
What is the hundred thousands digit of 5084982363?
9
What is the tens digit of 998696920?
2
What is the hundred thousands digit of 430068990?
0
What is the hundreds digit of 267289395?
3
What is the billions digit of 7637558944?
7
What is the hundred millions digit of 107932172?
1
What is the hundred thousands digit of 1547296486?
2
What is the units digit of 28692510?
0
What is the units digit of 50108846?
6
What is the hundred millions digit of 3378113744?
3
What is the ten millions digit of 587349710?
8
What is the hundred thousands digit of 9412652?
4
What is the millions digit of 117034616?
7
What is the hundred thousands digit of 100995758?
9
What is the ten thousands digit of 3021637467?
3
What is the ten thousands digit of 1577261422?
6
What is the hundred thousands digit of 1255840957?
8
What is the hundreds digit of 59862650?
6
What is the ten millions digit of 61682539?
6
What is the ten millions digit of 474154224?
7
What is the ten thousands digit of 28578551?
7
What is the ten thousands digit of 122402339?
0
What is the thousands digit of 779710029?
0
What is the millions digit of 401343058?
1
What is the millions digit of 455966969?
5
What is the thousands digit of 792638820?
8
What is the thousands digit of 53239214?
9
What is the hundred thousands digit of 45189087?
1
What is the tens digit of 2893433859?
5
What is the tens digit of 1268828485?
8
What is the thousands digit of 763788822?
8
What is the thousands digit of 1510894183?
4
What is the thousands digit of 3923767778?
7
What is the hundreds digit of 2962571183?
1
What is the hundred thousands digit of 39721748?
7
What is the hundred millions digit of 5939709871?
9
What is the tens digit of 961432078?
7
What is the millions digit of 124101172?
4
What is the hundred millions digit of 229045822?
2
What is the ten thousands digit of 58694404?
9
What is the ten millions digit of 96712160?
9
What is the ten millions digit of 33749077?
3
What is the hundred thousands digit of 1877956335?
9
What is the ten thousands digit of 12817537?
1
What is the ten millions digit of 777289531?
7
What is the hundred thousands digit of 1550177824?
1
What is the thousands digit of 2609960585?
0
What is the ten thousands digit of 39327639?
2
What is the hundred thousands digit of 1476968495?
9
What is the ten millions digit of 4041226017?
4
What is the tens digit of 427020891?
9
What is the ten thousands digit of 483108472?
0
What is the hundreds digit of 365547832?
8
What is the ten millions digit of 173501775?
7
What is the ten thousands digit of 38757340?
5
What is the hundreds digit of 66905585?
5
What is the hundred thousands digit of 16625468?
6
What is the hundreds digit of 454313642?
6
What is the millions digit of 4258686225?
8
What is the ten millions digit of 79284102?
7
What is the units digit of 534284915?
5
What is the hundred millions digit of 593971985?
5
What is the hundred thousands digit of 212937672?
9
What is the ten millions digit of 381435576?
8
What is the millions digit of 249057781?
9
What is the tens digit of 31743223?
2
What is the tens digit of 115099609?
0
What is the tens digit of 81889117?
1
What is the hundred thousands digit of 53778880?
7
What is the millions digit of 79639247?
9
What is the ten millions digit of 221398573?
2
What is the thousands digit of 2745059100?
9
What is the hundred millions digit of 853289203?
8
What is the hundred thousands digit of 50011008?
0
What is the hundreds digit of 63710104?
1
What is the hundred thousands digit of 44010445?
0
What is the hundred millions digit of 597513987?
5
What is the hundred millions digit of 243359203?
2
What is the ten thousands digit of 508096390?
9
What is the units digit of 624585900?
0
What is the units digit of 51615840?
0
What is the hundreds digit of 57822675?
6
What is the ten thousands digit of 1218471935?
7
What is the ten millions digit of 2486199682?
8
What is the thousands digit of 57208807?
8
What is the thousands digit of 29926885?
6
What is the hundred thousands digit of 292858515?
8
What is the billions digit of 7997234550?
7
What is the tens digit of 1098931849?
4
What is the hundred thousands digit of 1395293229?
2
What is the hundreds digit of 16658271?
2
What is the ten thousands digit of 24475231?
7
What is the hundreds digit of 3711817589?
5
What is the thousands digit of 517285983?
5
What is the hundred millions digit of 325214387?
3
What is the units digit of 68619792?
2
What is the tens digit of 32735444?
4
What is the hundred thousands digit of 137741234?
7
What is the hundred thousands digit of 731126392?
1
What is the hundred thousands digit of 825493212?
4
What is the thousands digit of 211519016?
9
What is the hundred millions digit of 338158223?
3
What is the ten millions digit of 131796501?
3
What is the ten millions digit of 314959110?
1
What is the hundred thousands digit of 3066161108?
1
What is the hundred thousands digit of 189449012?
4
What is the thousands digit of 155423777?
3
What is the ten thousands digit of 249018812?
1
What is the ten millions digit of 278077031?
7
What is the hundred thousands digit of 153985128?
9
What is the tens digit of 8572034847?
4
What is the hundred millions digit of 667242262?
6
What is the millions digit of 1051935815?
1
What is the tens digit of 43492484?
8
What is the hundreds digit of 3583111598?
5
What is the hundred millions digit of 202840869?
2
What is the hundred thousands digit of 443723318?
7
What is the hundred thousands digit of 1185651705?
6
What is the hundred millions digit of 8275784413?
2
What is the ten millions digit of 2464899134?
6
What is the thousands digit of 18576150?
6
What is the hundred thousands digit of 4772944417?
9
What is the millions digit of 1482192578?
2
What is the thousands digit of 827768165?
8
What is the ten thousands digit of 4593087183?
8
What is the thousands digit of 243775196?
5
What is the billions digit of 2154586772?
2
What is the millions digit of 3202115?
3
What is the units digit of 85265803?
3
What is the tens digit of 229821846?
4
What is the hundred millions digit of 217537956?
2
What is the ten thousands digit of 13650900?
5
What is the hundred thousands digit of 958325301?
3
What is the thousands digit of 2369485280?
5
What is the ten thousands digit of 47299104?
9
What is the millions digit of 40147973?
0
What is the ten thousands digit of 69746340?
4
What is the ten millions digit of 134202177?
3
What is the hundreds digit of 40321522?
5
What is the hundred thousands digit of 155821380?
8
What is the thousands digit of 564535271?
5
What is the ten millions digit of 7587123877?
8
What is the units digit of 169873769?
9
What is the thousands digit of 389431566?
1
What is the units digit of 70271658?
8
What is the ten thousands digit of 60784065?
8
What is the hundreds digit of 112332879?
8
What is the ten thousands digit of 229672448?
7
What is the ten thousands digit of 152445029?
4
What is the units digit of 44010784?
4
What is the thousands digit of 3907456732?
6
What is the tens digit of 591485884?
8
What is the ten thousands digit of 761661023?
6
What is the thousands digit of 80641070?
1
What is the hundred millions digit of 2849028687?
8
What is the hundred thousands digit of 2908839?
9
What is the hundred millions digit of 606215072?
6
What is the hundreds digit of 141332676?
6
What is the hundred thousands digit of 652090?
6
What is the tens digit of 769969789?
8
What is the ten thousands digit of 60326537?
2
What is the thousands digit of 183188850?
8
What is the hundreds digit of 55719803?
8
What is the ten thousands digit of 3898359901?
5
What is the tens digit of 2158991366?
6
What is the hundreds digit of 309919952?
9
What is